91
What are the prime factors of 35948515?
5, 67, 107309
List the prime factors of 310832387.
173, 647, 2777
List the prime factors of 3178993863.
3, 17, 62333213
What are the prime factors of 26666389?
73, 365293
List the prime factors of 42090088.
2, 5261261
List the prime factors of 537014804.
2, 134253701
List the prime factors of 1028683680.
2, 3, 5, 137, 15643
List the prime factors of 3305665.
5, 11, 60103
List the prime factors of 46716366.
2, 3, 1873, 4157
What are the prime factors of 37967035?
5, 17, 19, 23509
List the prime factors of 16760485.
5, 7, 478871
What are the prime factors of 65545734?
2, 3, 241, 45329
List the prime factors of 738715.
5, 147743
What are the prime factors of 50233072?
2, 59, 127, 419
What are the prime factors of 4043134262?
2, 2021567131
List the prime factors of 58315915.
5, 7, 89, 97, 193
What are the prime factors of 363618979?
19, 19137841
What are the prime factors of 187223646?
2, 3, 31203941
What are the prime factors of 335426124?
2, 3, 11, 971, 2617
List the prime factors of 287996015.
5, 19, 3031537
List the prime factors of 16587107.
16587107
What are the prime factors of 66437387?
233, 285139
What are the prime factors of 53766630?
2, 3, 5, 597407
What are the prime factors of 23742206?
2, 11871103
List the prime factors of 107394374.
2, 53697187
List the prime factors of 489129073.
489129073
List the prime factors of 5275295.
5, 659, 1601
What are the prime factors of 1767898389?
3, 589299463
What are the prime factors of 9415227?
3, 29, 31, 3491
List the prime factors of 343934676.
2, 3, 109, 87649
What are the prime factors of 193322077?
13, 37, 401917
List the prime factors of 3551438690.
2, 5, 97, 3661277
What are the prime factors of 2773038122?
2, 53, 26160737
What are the prime factors of 329485077?
3, 4067717
List the prime factors of 1150701088.
2, 35959409
List the prime factors of 2412198623.
23, 1847, 56783
What are the prime factors of 1683309604?
2, 17, 1867, 13259
List the prime factors of 1228076426.
2, 614038213
What are the prime factors of 445073724?
2, 3, 71, 58043
What are the prime factors of 99944762?
2, 49972381
What are the prime factors of 24798439?
19, 23, 56747
What are the prime factors of 53523145?
5, 13, 97, 653
List the prime factors of 655573416.
2, 3, 19, 23, 62507
List the prime factors of 171858000.
2, 3, 5, 28643
List the prime factors of 232443958.
2, 17, 6836587
List the prime factors of 1895422928.
2, 7, 1097, 15427
What are the prime factors of 642211459?
587, 1094057
List the prime factors of 339937301.
11, 30903391
List the prime factors of 85081803.
3, 109, 260189
List the prime factors of 294566919.
3, 41, 103, 23251
What are the prime factors of 179413331?
103, 1741877
What are the prime factors of 1723747311?
3, 11, 13, 148817
What are the prime factors of 20695036?
2, 5173759
List the prime factors of 148103050.
2, 5, 641, 4621
What are the prime factors of 59973692?
2, 47, 149, 2141
What are the prime factors of 235111418?
2, 117555709
List the prime factors of 135561033.
3, 67, 24979
What are the prime factors of 2079408?
2, 3, 43321
List the prime factors of 127666451.
11, 11606041
What are the prime factors of 61848778?
2, 83, 229, 1627
List the prime factors of 181487997.
3, 37, 383, 1423
List the prime factors of 1377477562.
2, 688738781
List the prime factors of 62166645.
3, 5, 383, 3607
What are the prime factors of 203418916?
2, 50854729
What are the prime factors of 3348893906?
2, 19, 88128787
List the prime factors of 422744298.
2, 3, 70457383
List the prime factors of 295989027.
3, 98663009
List the prime factors of 3935712767.
7, 562244681
List the prime factors of 1302296.
2, 162787
List the prime factors of 26603437.
7, 3800491
List the prime factors of 170251669.
7, 193, 126019
What are the prime factors of 6878460329?
13, 67, 821, 9619
List the prime factors of 22682364.
2, 3, 887, 2131
What are the prime factors of 12580328?
2, 89, 17669
What are the prime factors of 82711018?
2, 13, 17, 187129
List the prime factors of 39670955.
5, 19, 409, 1021
List the prime factors of 5108828977.
7, 23, 491, 64627
What are the prime factors of 238705814?
2, 43, 2775649
What are the prime factors of 289411413?
3, 191, 193, 2617
What are the prime factors of 52731001?
52731001
List the prime factors of 174937576.
2, 11, 197, 10091
What are the prime factors of 377877549?
3, 7, 71, 253439
List the prime factors of 2000499523.
11, 181863593
What are the prime factors of 503625685?
5, 19, 37, 7541
List the prime factors of 6081189093.
3, 7, 101, 955711
What are the prime factors of 6520513520?
2, 5, 277, 294247
List the prime factors of 46265587.
223, 207469
List the prime factors of 2333353254.
2, 3, 19, 20468011
What are the prime factors of 6296007?
3, 31, 67699
What are the prime factors of 6662492589?
3, 2220830863
List the prime factors of 435497826.
2, 3, 89, 815539
What are the prime factors of 54788545?
5, 7, 257, 6091
List the prime factors of 499574540.
2, 5, 1283, 19469
What are the prime factors of 643595130?
2, 3, 5, 7151057
List the prime factors of 507679245.
3, 5, 17, 2731
List the prime factors of 22981801.
22981801
What are the prime factors of 14706197?
11, 1336927
List the prime factors of 575452961.
43, 2281, 5867
List the prime factors of 941720593.
11, 17, 229, 21991
What are the prime factors of 3388782?
2, 3, 564797
List the prime factors of 231136665.
3, 5, 2791, 5521
List the prime factors of 1978173570.
2, 3, 5, 65939119
What are the prime factors of 6686071?
7, 955153
What are the prime factors of 1796298404?
2, 17, 26416153
List the prime factors of 1769980005.
3, 5, 1237, 3533
List the prime factors of 14558463.
3, 73, 22159
What are the prime factors of 296752993?
79, 3756367
What are the prime factors of 567674543?
567674543
List the prime factors of 2672041397.
2672041397
List the prime factors of 355851030.
2, 3, 5, 11861701
List the prime factors of 12806495.
5, 13, 197023
List the prime factors of 3632315298.
2, 3, 605385883
What are the prime factors of 3082638624?
2, 3, 13, 2470063
List the prime factors of 93240860.
2, 5, 127, 36709
What are the prime factors of 2589498135?
3, 5, 7, 47, 174907
What are the prime factors of 1577294393?
6329, 249217
What are the prime factors of 2264981?
1399, 1619
What are the prime factors of 391416378?
2, 3, 19, 3433477
What are the prime factors of 3196607352?
2, 3, 133191973
What are the prime factors of 26962088?
2, 3370261
List the prime factors of 45621298.
2, 283, 80603
List the prime factors of 71396824.
2, 8924603
List the prime factors of 104085533.
104085533
List the prime factors of 13590626.
2, 7, 829, 1171
List the prime factors of 96723790.
2, 5, 1931, 5009
List the prime factors of 1396620.
2, 3, 5, 7759
What are the prime factors of 84455837?
84455837
List the prime factors of 117110499.
3, 11, 3548803
List the prime factors of 105118596.
2, 3, 11, 265451
List the prime factors of 15131079.
3, 23, 67, 1091
List the prime factors of 253285612.
2, 3499, 18097
What are the prime factors of 4501157859?
3, 11, 2659, 17099
List the prime factors of 10350992.
2, 646937
What are the prime factors of 3711132912?
2, 3, 17, 4547957
List the prime factors of 93352860.
2, 3, 5, 23, 22549
What are the prime factors of 355908380?
2, 5, 19, 607, 1543
List the prime factors of 3725503013.
22073, 168781
What are the prime factors of 150784796?
2, 443, 85093
List the prime factors of 39603515.
5, 7, 109, 1483
List the prime factors of 725153685.
3, 5, 53, 641, 1423
List the prime factors of 39543191.
193, 204887
List the prime factors of 74055602.
2, 37027801
List the prime factors of 36620692.
2, 23, 43, 9257
What are the prime factors of 17219094?
2, 3, 73, 39313
List the prime factors of 270521136.
2, 3, 17, 59, 1873
List the prime factors of 12743797.
11, 53, 21859
What are the prime factors of 136768645?
5, 13, 83, 101, 251
What are the prime factors of 369509613?
3, 11, 11197261
List the prime factors of 246832015.
5, 47, 1050349
List the prime factors of 1126334409.
3, 179, 541, 3877
List the prime factors of 451103334.
2, 3, 11, 37, 184727
List the prime factors of 273912744.
2, 3, 7, 232919
List the prime factors of 178155810.
2, 3, 5, 7, 59, 4793
What are t